 the prime factors of m(-3).
2, 3, 5
Let r(p) = p**3 - 3*p**2 + 7. Let z be r(3). Suppose -z*n = -4*n - 396. Suppose -n = -5*h + h. List the prime factors of h.
3, 11
Let q be (-1)/(-2) + 2/(-4). Let w be (-54)/(-3) + q/2. Let f = w + 2. List the prime factors of f.
2, 5
Suppose 0 = -q - 1. Let z be q*(3 - 9/1). Suppose 225 = -t + z*t. What are the prime factors of t?
3, 5
Let p be (-6 - -6)/3*(-3)/(-3). Let v be (1/3)/((-1)/(-9)). Suppose -v*x + p*x - 4*y = -159, 3 = y. List the prime factors of x.
7
Let k(h) = 38*h + 12*h + 41*h - 9*h. List the prime factors of k(1).
2, 41
Suppose 63*f + 6478 = 68029. What are the prime factors of f?
977
Suppose -z + 0*z + 754 = -b, 0 = -4*z - 3*b + 3044. List the prime factors of z.
2, 379
Let f(q) = q**2 + 5*q - 10. Let t(o) = -3*o**2 - 17*o + 14. Let n be t(-6). List the prime factors of f(n).
2, 47
Let p = -29 + 37. What are the prime factors of (-6)/p - (-121)/44?
2
Suppose -2*c - 2*z = c, 2*c - 3*z = 0. Suppose n = 5*u - 311, c*u + u = -n + 61. List the prime factors of u.
2, 31
Suppose -7*k + 30 + 5 = 0. Suppose 252 = 4*h - c, -k*h = 2*c + 137 - 465. What are the prime factors of h?
2
Suppose s - 2*q = 11, s - 5 = -4*q + 24. Let k be s/(-1) + (-4 - -2). List the prime factors of (1 + 78)/(k + 20).
79
Let m be ((-11)/(-4))/((-1)/(-8)). Suppose -i - 12 = -4*i. Suppose m + 6 = i*g. List the prime factors of g.
7
Let y(g) = 4*g**2 - 5*g - 2*g**2 - g**2 + 0*g**2 + 3. Let r be y(5). List the prime factors of (-368)/(-24) + 2/r.
2
Suppose 68*p - 89*p = -88515. List the prime factors of p.
3, 5, 281
Let n = 12 - 9. Let z(q) = 0*q - 4*q**3 + q - q**2 + 35 + 3*q**n. What are the prime factors of z(0)?
5, 7
Let p = -18 - -18. Suppose 3*c + 8 - 137 = p. What are the prime factors of c?
43
Suppose -11*u + 2399 = -4036. What are the prime factors of u?
3, 5, 13
Suppose 4 = v + 1. Let p(g) = -g + v*g - g + 3*g. List the prime factors of p(2).
2
Suppose 36*o - 28*o - 56 = 0. Let u(m) = 8*m + 44. List the prime factors of u(o).
2, 5
Let u = -1429 - -2063. What are the prime factors of u?
2, 317
Suppose 3*i = -0*i + 213. List the prime factors of (2 + -3 + (3 - i))/(-1).
3, 23
What are the prime factors of 1 - (-12)/(108/11871)?
2, 3, 5, 11
Let s be 35/20 - 2/(-8). Suppose l = -i + 9, s*l - 12 = -l. Suppose 6 = m - i. List the prime factors of m.
11
Suppose 0 = -2*m - 4*x + 26, -3*x + 20 + 10 = 5*m. Let r be m + 8*(2 + -3). What are the prime factors of (-3)/5 + (-73)/r?
2, 7
Suppose -8*u = -3*u + 15. Let x be ((-1)/u)/((-4)/108). Let y = x + 17. List the prime factors of y.
2
Let w(l) = 14*l**2 + 2*l + 36. What are the prime factors of w(-4)?
2, 3, 7
Let v be (6/(-4))/((-9)/(-54)). Let s(l) = l**2 + 9*l + 3. Let j be s(v). Suppose -j*z = 4*y - 49, -y = 5*z - 0*y - 76. What are the prime factors of z?
3, 5
Let d be ((-15)/12)/((-1)/16). Suppose d = 4*f + 3*c - 111, -2*f = -4*c - 38. List the prime factors of f.
29
Suppose 2*u - 7 - 3 = -3*g, 0 = -4*g + 2*u - 10. Suppose g = p + 4 - 7. List the prime factors of p.
3
Suppose 3*v + 3*b = 7*b + 2309, 3088 = 4*v + 4*b. What are the prime factors of v?
3, 257
Let t be 4/(-22) - 228/(-44). Suppose g - 135 = -t*l, -4*g + 5*l + 0*l = -490. Suppose p + 4*p = g. What are the prime factors of p?
5
Suppose -y + 443 = -83. Suppose 4*i + 55 = -u + y, -122 = -i + 4*u. What are the prime factors of i?
2, 59
Suppose -3*m + m - h = -1354, 5*h = 20. Suppose m = 9*x - 6*x. Let c = -142 + x. List the prime factors of c.
83
Let u(h) = -h**3 - 8*h**2 - 6*h - 3. Suppose 0 = 4*x + x + 15. Let t = x - 5. What are the prime factors of u(t)?
3, 5
Let x(v) = -v**3 + 4*v**2 + 6*v. Let d be x(5). Let s be (-1)/(-2) + (-1308)/(-8). Suppose d*r + 2*u = 207, 5*r + 2*u - s = r. List the prime factors of r.
43
Let n = -225 - -573. List the prime factors of n.
2, 3, 29
Let l be 5 + ((-20)/(-8) - (-2)/4). List the prime factors of l/(-3*(-5)/30).
2
Suppose 2*m - 4*m = -254. Let j = -73 + m. List the prime factors of j.
2, 3
Suppose -3*w = -3*x + 2565, -5*x - 7*w + 3*w = -4302. List the prime factors of x.
2, 3, 11, 13
Suppose 0 = 4*z - 1 - 7. Suppose 0*x + z*x = 152. What are the prime factors of x?
2, 19
Let x(m) = 20*m**2 - 14*m - 20. List the prime factors of x(4).
2, 61
Suppose 36*l - 28*l = 1408. Let d = -78 + l. List the prime factors of d.
2, 7
Let p(l) = l**2 - 9*l + 11. Let h be p(8). Let z(j) = -2 - 2*j**3 - j**2 - 2*j**2 - h*j + 2*j - 2*j**3. List the prime factors of z(-2).
2, 5
Suppose 17 = -2*z + 19, 3*f = z + 3866. What are the prime factors of f?
1289
Let n(a) = a**2 + a + 1. Let o(k) = 4*k**2 - k - 4. Suppose -2*d - 3 = -5. Let w(g) = d*o(g) - 3*n(g). List the prime factors of w(-6).
53
Let n(c) = 37*c**2 - 3*c - 33. List the prime factors of n(-4).
571
List the prime factors of (-4277)/(-63) + (-3)/(-54)*2.
2, 17
Let g be (-1)/3*27/(-3). Let o(l) = -l**3 + l**2 + 6*l - 5. Let h be o(g). Let f(c) = c**2 - c + 8. What are the prime factors of f(h)?
2, 19
What are the prime factors of (-15)/(((-3)/(-8))/((-3869)/106))?
2, 5, 73
Let u = 7 + -2. Suppose -m = -2*m - 3*j + 11, -u*m = -3*j - 19. Suppose 2*h = -m*g - h + 176, 4*g - 5*h = 126. List the prime factors of g.
2, 17
Let r(a) be the second derivative of 5*a**5/2 - a**4/6 + a**3/3 - a**2/2 - 4*a. List the prime factors of r(1).
7
Let v(b) = 14*b - 2. Let d be v(1). Suppose 0 = 2*t - 2*n - d, 4*t + 3 - 20 = -3*n. Suppose 0 = 2*i - t*i + 39. List the prime factors of i.
13
Let h(v) = v**2 + 8*v - 7. What are the prime factors of h(22)?
653
Suppose -17*v + 29*v = 3072. What are the prime factors of v?
2
Suppose 8 = 2*m - 4. Let q be ((-4)/(-8))/(1/m). Suppose -70 = -q*w - 4*s, -2*w = -2*s - 0*s - 28. List the prime factors of w.
2, 3
Suppose -11*t + 19*t - 12392 = 0. What are the prime factors of t?
1549
Suppose 3*o = -2*b + 3391, -o - 2*b + 651 = -478. What are the prime factors of o?
3, 13, 29
List the prime factors of (36*(-1)/(-2))/(5/30).
2, 3
Let g(f) = f + 48*f**2 - 29*f**2 + 2 - 7*f**2. Suppose -8 = 5*i + 2. List the prime factors of g(i).
2, 3
List the prime factors of (1 - -1177) + (-63)/9.
1171
Let g(l) = 37*l**2 - l + 1. Let k = -12 - -13. List the prime factors of g(k).
37
Suppose -f = -3*f - 2, 0 = -4*x - 2*f + 15094. What are the prime factors of x?
2, 3, 17, 37
Let a(j) = 21*j**3 - 2*j**2 - 3*j - 3. Let n be a(3). Suppose q - r - 133 = 0, -4*q = -0*q - 5*r - n. What are the prime factors of q?
2
Let z = 78 + 19. Let p = -57 + z. Suppose -4*w + p = -3*w. What are the prime factors of w?
2, 5
What are the prime factors of 28/35 + (-9562)/(-10)?
3, 11, 29
Let a(h) = 2*h**3 + 16*h**2 + 13*h + 31. List the prime factors of a(-7).
2, 19
Let v be (369/(-27))/(2/6). Let c = -36 - v. List the prime factors of c.
5
Suppose 8 = 4*a, -5*m - a = 3*a - 12108. List the prime factors of m.
2, 5, 11
Let j be (-21)/(-14) - (-2)/(-4). List the prime factors of (28/70)/(j/110).
2, 11
Let s(r) = -r**2 - 8*r + 4. Let w be s(-8). Suppose 5*h + c - 50 = -4*c, -w*h = -c - 15. List the prime factors of 8/h*(0 + 5).
2
List the prime factors of 1892 - (-3 + -3 + -3).
1901
Suppose -2*v = -3*g - 3*v + 3, 4*g + 2*v = 6. Suppose 0 = -0*r + 3*r + z - 10, g = 4*z - 16. Suppose u = -r*u + 51. List the prime factors of u.
17
Let d(s) be the second derivative of s**4/12 + s**3/6 - 30*s**2 + s. Let a be d(0). What are the prime factors of 8/a - 467/(-15)?
31
Suppose 3*m + 11 - 8 = 0. What are the prime factors of ((-4)/((-8)/(-274)))/m?
137
Suppose -4 = 2*t, 0 = 2*f + t - 4 + 16. List the prime factors of (-3 - f) + 208 + -4 + 1.
3, 23
Suppose -3*u - 769 = -4*k, -2*k + 7*k - 959 = 3*u. List the prime factors of k.
2, 5, 19
Suppose 15 = 3*g, -8 + 0 = 3*q - 4*g. Suppose 3*p - 4*u + 2 = 0, -6*u + 4*u + 12 = q*p. Suppose p*s - 58 = 4. What are the prime factors of s?
31
Let k = -17 - -15. Let t be k/(8/(-29))*-4. Let h = 7 - t. What are the prime factors of h?
2, 3
Suppose 5*r = -487 + 3432. What are the prime factors of r?
19, 31
Suppose 20 = 4*j - 96. Suppose 4 = -v + j. Suppose -v + 89 = 4*i. List the prime factors of i.
2
Suppose 0 = 2*t - 8 - 0. Suppose -3*g = 2*l - 1, 4*l = -4*g - 0*l - t. Suppose -4*a + 3*q = -142, -a + 28 = g*q - 0*q. What are the prime factors of a?
2, 17
List the prime factors of 4640/1 + -8 + (-48)/(-6).
2, 5, 29
Let c = -67 + 221. Wha